{"id":242,"date":"2023-02-18T16:45:12","date_gmt":"2023-02-18T16:45:12","guid":{"rendered":"https:\/\/tecnodigitalymas.com\/?page_id=242"},"modified":"2023-02-22T23:15:29","modified_gmt":"2023-02-22T23:15:29","slug":"blog","status":"publish","type":"page","link":"https:\/\/tecnodigitalymas.com\/index.php\/blog\/","title":{"rendered":"Blog"},"content":{"rendered":"\t\t<div data-elementor-type=\"wp-page\" data-elementor-id=\"242\" class=\"elementor elementor-242\">\n\t\t\t\t\t\t\t\t\t<section class=\"elementor-section elementor-top-section elementor-element elementor-element-7fb1dd3 elementor-section-boxed elementor-section-height-default elementor-section-height-default\" data-id=\"7fb1dd3\" data-element_type=\"section\">\n\t\t\t\t\t\t<div class=\"elementor-container elementor-column-gap-default\">\n\t\t\t\t\t<div class=\"elementor-column elementor-col-100 elementor-top-column elementor-element elementor-element-bfdcda2\" data-id=\"bfdcda2\" data-element_type=\"column\">\n\t\t\t<div class=\"elementor-widget-wrap elementor-element-populated\">\n\t\t\t\t\t\t\t\t<div class=\"elementor-element elementor-element-4d42d81 elementor-grid-3 elementor-grid-tablet-2 elementor-grid-mobile-1 elementor-posts--thumbnail-top elementor-widget elementor-widget-posts\" data-id=\"4d42d81\" data-element_type=\"widget\" data-settings=\"{&quot;classic_columns&quot;:&quot;3&quot;,&quot;classic_columns_tablet&quot;:&quot;2&quot;,&quot;classic_columns_mobile&quot;:&quot;1&quot;,&quot;classic_row_gap&quot;:{&quot;unit&quot;:&quot;px&quot;,&quot;size&quot;:35,&quot;sizes&quot;:[]},&quot;classic_row_gap_tablet&quot;:{&quot;unit&quot;:&quot;px&quot;,&quot;size&quot;:&quot;&quot;,&quot;sizes&quot;:[]},&quot;classic_row_gap_mobile&quot;:{&quot;unit&quot;:&quot;px&quot;,&quot;size&quot;:&quot;&quot;,&quot;sizes&quot;:[]}}\" data-widget_type=\"posts.classic\">\n\t\t\t\t<div class=\"elementor-widget-container\">\n\t\t\t<link rel=\"stylesheet\" href=\"https:\/\/tecnodigitalymas.com\/wp-content\/plugins\/elementor-pro\/assets\/css\/widget-posts.min.css\">\t\t<div class=\"elementor-posts-container elementor-posts elementor-posts--skin-classic elementor-grid\">\n\t\t\t\t<article class=\"elementor-post elementor-grid-item post-488 post type-post status-publish format-standard has-post-thumbnail hentry category-diseno\">\n\t\t\t\t<a class=\"elementor-post__thumbnail__link\" href=\"https:\/\/tecnodigitalymas.com\/index.php\/2024\/05\/06\/como-calmar-la-ansiedad\/\" >\n\t\t\t<div class=\"elementor-post__thumbnail\"><img loading=\"lazy\" decoding=\"async\" width=\"300\" height=\"300\" src=\"https:\/\/tecnodigitalymas.com\/wp-content\/uploads\/2024\/04\/psychology-2422442_1280-300x300.png\" class=\"attachment-medium size-medium wp-image-619\" alt=\"\" srcset=\"https:\/\/tecnodigitalymas.com\/wp-content\/uploads\/2024\/04\/psychology-2422442_1280-300x300.png 300w, https:\/\/tecnodigitalymas.com\/wp-content\/uploads\/2024\/04\/psychology-2422442_1280-1024x1024.png 1024w, https:\/\/tecnodigitalymas.com\/wp-content\/uploads\/2024\/04\/psychology-2422442_1280-150x150.png 150w, https:\/\/tecnodigitalymas.com\/wp-content\/uploads\/2024\/04\/psychology-2422442_1280-768x768.png 768w, https:\/\/tecnodigitalymas.com\/wp-content\/uploads\/2024\/04\/psychology-2422442_1280.png 1280w\" sizes=\"(max-width: 300px) 100vw, 300px\" \/><\/div>\n\t\t<\/a>\n\t\t\t\t<div class=\"elementor-post__text\">\n\t\t\t\t<h3 class=\"elementor-post__title\">\n\t\t\t<a href=\"https:\/\/tecnodigitalymas.com\/index.php\/2024\/05\/06\/como-calmar-la-ansiedad\/\" >\n\t\t\t\tcomo calmar la ansiedad\t\t\t<\/a>\n\t\t<\/h3>\n\t\t\t\t<div class=\"elementor-post__meta-data\">\n\t\t\t\t\t<span class=\"elementor-post-date\">\n\t\t\t6 de May de 2024\t\t<\/span>\n\t\t\t\t<span class=\"elementor-post-avatar\">\n\t\t\tNo Comments\t\t<\/span>\n\t\t\t\t<\/div>\n\t\t\t\t<div class=\"elementor-post__excerpt\">\n\t\t\t<p>Para calmar la ansiedad, es \u00fatil tener varias t\u00e9cnicas a mano. Aqu\u00ed<\/p>\n\t\t<\/div>\n\t\t\n\t\t<a class=\"elementor-post__read-more\" href=\"https:\/\/tecnodigitalymas.com\/index.php\/2024\/05\/06\/como-calmar-la-ansiedad\/\" aria-label=\"Read more about como calmar la ansiedad\" >\n\t\t\tRead More \u00bb\t\t<\/a>\n\n\t\t\t\t<\/div>\n\t\t\t\t<\/article>\n\t\t\t\t<article class=\"elementor-post elementor-grid-item post-495 post type-post status-publish format-standard has-post-thumbnail hentry category-diseno category-juegos\">\n\t\t\t\t<a class=\"elementor-post__thumbnail__link\" href=\"https:\/\/tecnodigitalymas.com\/index.php\/2024\/05\/06\/por-que-mi-cuerpo-pide-azucar\/\" >\n\t\t\t<div class=\"elementor-post__thumbnail\"><img loading=\"lazy\" decoding=\"async\" width=\"300\" height=\"200\" src=\"https:\/\/tecnodigitalymas.com\/wp-content\/uploads\/2024\/04\/sadness-6759823_1280-300x200.jpg\" class=\"attachment-medium size-medium wp-image-617\" alt=\"\" srcset=\"https:\/\/tecnodigitalymas.com\/wp-content\/uploads\/2024\/04\/sadness-6759823_1280-300x200.jpg 300w, https:\/\/tecnodigitalymas.com\/wp-content\/uploads\/2024\/04\/sadness-6759823_1280-1024x682.jpg 1024w, https:\/\/tecnodigitalymas.com\/wp-content\/uploads\/2024\/04\/sadness-6759823_1280-768x512.jpg 768w, https:\/\/tecnodigitalymas.com\/wp-content\/uploads\/2024\/04\/sadness-6759823_1280.jpg 1280w\" sizes=\"(max-width: 300px) 100vw, 300px\" \/><\/div>\n\t\t<\/a>\n\t\t\t\t<div class=\"elementor-post__text\">\n\t\t\t\t<h3 class=\"elementor-post__title\">\n\t\t\t<a href=\"https:\/\/tecnodigitalymas.com\/index.php\/2024\/05\/06\/por-que-mi-cuerpo-pide-azucar\/\" >\n\t\t\t\tpor que mi cuerpo pide azucar\t\t\t<\/a>\n\t\t<\/h3>\n\t\t\t\t<div class=\"elementor-post__meta-data\">\n\t\t\t\t\t<span class=\"elementor-post-date\">\n\t\t\t6 de May de 2024\t\t<\/span>\n\t\t\t\t<span class=\"elementor-post-avatar\">\n\t\t\tNo Comments\t\t<\/span>\n\t\t\t\t<\/div>\n\t\t\t\t<div class=\"elementor-post__excerpt\">\n\t\t\t<p>Nuestros cuerpos pueden anhelar az\u00facar por varias razones: Necesidad de energ\u00eda r\u00e1pida<\/p>\n\t\t<\/div>\n\t\t\n\t\t<a class=\"elementor-post__read-more\" href=\"https:\/\/tecnodigitalymas.com\/index.php\/2024\/05\/06\/por-que-mi-cuerpo-pide-azucar\/\" aria-label=\"Read more about por que mi cuerpo pide azucar\" >\n\t\t\tRead More \u00bb\t\t<\/a>\n\n\t\t\t\t<\/div>\n\t\t\t\t<\/article>\n\t\t\t\t<article class=\"elementor-post elementor-grid-item post-498 post type-post status-publish format-standard has-post-thumbnail hentry category-juegos\">\n\t\t\t\t<a class=\"elementor-post__thumbnail__link\" href=\"https:\/\/tecnodigitalymas.com\/index.php\/2024\/05\/06\/que-son-los-desequilibrios-hormonales\/\" >\n\t\t\t<div class=\"elementor-post__thumbnail\"><img loading=\"lazy\" decoding=\"async\" width=\"300\" height=\"200\" src=\"https:\/\/tecnodigitalymas.com\/wp-content\/uploads\/2024\/05\/depression-4395124_1280-300x200.jpg\" class=\"attachment-medium size-medium wp-image-614\" alt=\"\" srcset=\"https:\/\/tecnodigitalymas.com\/wp-content\/uploads\/2024\/05\/depression-4395124_1280-300x200.jpg 300w, https:\/\/tecnodigitalymas.com\/wp-content\/uploads\/2024\/05\/depression-4395124_1280-1024x682.jpg 1024w, https:\/\/tecnodigitalymas.com\/wp-content\/uploads\/2024\/05\/depression-4395124_1280-768x512.jpg 768w, https:\/\/tecnodigitalymas.com\/wp-content\/uploads\/2024\/05\/depression-4395124_1280.jpg 1280w\" sizes=\"(max-width: 300px) 100vw, 300px\" \/><\/div>\n\t\t<\/a>\n\t\t\t\t<div class=\"elementor-post__text\">\n\t\t\t\t<h3 class=\"elementor-post__title\">\n\t\t\t<a href=\"https:\/\/tecnodigitalymas.com\/index.php\/2024\/05\/06\/que-son-los-desequilibrios-hormonales\/\" >\n\t\t\t\tQue son los desequilibrios hormonales\t\t\t<\/a>\n\t\t<\/h3>\n\t\t\t\t<div class=\"elementor-post__meta-data\">\n\t\t\t\t\t<span class=\"elementor-post-date\">\n\t\t\t6 de May de 2024\t\t<\/span>\n\t\t\t\t<span class=\"elementor-post-avatar\">\n\t\t\tNo Comments\t\t<\/span>\n\t\t\t\t<\/div>\n\t\t\t\t<div class=\"elementor-post__excerpt\">\n\t\t\t<p>Las enfermedades que m\u00e1s afectan los niveles de az\u00facar en la sangre<\/p>\n\t\t<\/div>\n\t\t\n\t\t<a class=\"elementor-post__read-more\" href=\"https:\/\/tecnodigitalymas.com\/index.php\/2024\/05\/06\/que-son-los-desequilibrios-hormonales\/\" aria-label=\"Read more about Que son los desequilibrios hormonales\" >\n\t\t\tRead More \u00bb\t\t<\/a>\n\n\t\t\t\t<\/div>\n\t\t\t\t<\/article>\n\t\t\t\t<article class=\"elementor-post elementor-grid-item post-569 post type-post status-publish format-standard has-post-thumbnail hentry category-dispositivos category-juegos\">\n\t\t\t\t<a class=\"elementor-post__thumbnail__link\" href=\"https:\/\/tecnodigitalymas.com\/index.php\/2024\/05\/06\/como-disenar-tu-propia-casa\/\" >\n\t\t\t<div class=\"elementor-post__thumbnail\"><img loading=\"lazy\" decoding=\"async\" width=\"300\" height=\"184\" src=\"https:\/\/tecnodigitalymas.com\/wp-content\/uploads\/2024\/05\/cottage-2955582_1280-1-300x184.jpg\" class=\"attachment-medium size-medium wp-image-611\" alt=\"\" srcset=\"https:\/\/tecnodigitalymas.com\/wp-content\/uploads\/2024\/05\/cottage-2955582_1280-1-300x184.jpg 300w, https:\/\/tecnodigitalymas.com\/wp-content\/uploads\/2024\/05\/cottage-2955582_1280-1-1024x630.jpg 1024w, https:\/\/tecnodigitalymas.com\/wp-content\/uploads\/2024\/05\/cottage-2955582_1280-1-768x472.jpg 768w, https:\/\/tecnodigitalymas.com\/wp-content\/uploads\/2024\/05\/cottage-2955582_1280-1.jpg 1280w\" sizes=\"(max-width: 300px) 100vw, 300px\" \/><\/div>\n\t\t<\/a>\n\t\t\t\t<div class=\"elementor-post__text\">\n\t\t\t\t<h3 class=\"elementor-post__title\">\n\t\t\t<a href=\"https:\/\/tecnodigitalymas.com\/index.php\/2024\/05\/06\/como-disenar-tu-propia-casa\/\" >\n\t\t\t\tComo dise\u00f1ar tu propia casa\t\t\t<\/a>\n\t\t<\/h3>\n\t\t\t\t<div class=\"elementor-post__meta-data\">\n\t\t\t\t\t<span class=\"elementor-post-date\">\n\t\t\t6 de May de 2024\t\t<\/span>\n\t\t\t\t<span class=\"elementor-post-avatar\">\n\t\t\tNo Comments\t\t<\/span>\n\t\t\t\t<\/div>\n\t\t\t\t<div class=\"elementor-post__excerpt\">\n\t\t\t<p>Dise\u00f1ar tu propia casa puede ser un proyecto emocionante y gratificante. Aqu\u00ed<\/p>\n\t\t<\/div>\n\t\t\n\t\t<a class=\"elementor-post__read-more\" href=\"https:\/\/tecnodigitalymas.com\/index.php\/2024\/05\/06\/como-disenar-tu-propia-casa\/\" aria-label=\"Read more about Como dise\u00f1ar tu propia casa\" >\n\t\t\tRead More \u00bb\t\t<\/a>\n\n\t\t\t\t<\/div>\n\t\t\t\t<\/article>\n\t\t\t\t<article class=\"elementor-post elementor-grid-item post-571 post type-post status-publish format-standard has-post-thumbnail hentry category-diseno category-juegos\">\n\t\t\t\t<a class=\"elementor-post__thumbnail__link\" href=\"https:\/\/tecnodigitalymas.com\/index.php\/2024\/05\/06\/como-hacer-un-plano-para-una-casa\/\" >\n\t\t\t<div class=\"elementor-post__thumbnail\"><img loading=\"lazy\" decoding=\"async\" width=\"300\" height=\"169\" src=\"https:\/\/tecnodigitalymas.com\/wp-content\/uploads\/2024\/05\/house-1477041_1280-300x169.jpg\" class=\"attachment-medium size-medium wp-image-603\" alt=\"\" srcset=\"https:\/\/tecnodigitalymas.com\/wp-content\/uploads\/2024\/05\/house-1477041_1280-300x169.jpg 300w, https:\/\/tecnodigitalymas.com\/wp-content\/uploads\/2024\/05\/house-1477041_1280-1024x576.jpg 1024w, https:\/\/tecnodigitalymas.com\/wp-content\/uploads\/2024\/05\/house-1477041_1280-768x432.jpg 768w, https:\/\/tecnodigitalymas.com\/wp-content\/uploads\/2024\/05\/house-1477041_1280.jpg 1280w\" sizes=\"(max-width: 300px) 100vw, 300px\" \/><\/div>\n\t\t<\/a>\n\t\t\t\t<div class=\"elementor-post__text\">\n\t\t\t\t<h3 class=\"elementor-post__title\">\n\t\t\t<a href=\"https:\/\/tecnodigitalymas.com\/index.php\/2024\/05\/06\/como-hacer-un-plano-para-una-casa\/\" >\n\t\t\t\tComo hacer un plano para una casa\t\t\t<\/a>\n\t\t<\/h3>\n\t\t\t\t<div class=\"elementor-post__meta-data\">\n\t\t\t\t\t<span class=\"elementor-post-date\">\n\t\t\t6 de May de 2024\t\t<\/span>\n\t\t\t\t<span class=\"elementor-post-avatar\">\n\t\t\tNo Comments\t\t<\/span>\n\t\t\t\t<\/div>\n\t\t\t\t<div class=\"elementor-post__excerpt\">\n\t\t\t<p>Crear un plano para una casa es un proceso detallado que implica<\/p>\n\t\t<\/div>\n\t\t\n\t\t<a class=\"elementor-post__read-more\" href=\"https:\/\/tecnodigitalymas.com\/index.php\/2024\/05\/06\/como-hacer-un-plano-para-una-casa\/\" aria-label=\"Read more about Como hacer un plano para una casa\" >\n\t\t\tRead More \u00bb\t\t<\/a>\n\n\t\t\t\t<\/div>\n\t\t\t\t<\/article>\n\t\t\t\t<article class=\"elementor-post elementor-grid-item post-573 post type-post status-publish format-standard has-post-thumbnail hentry category-juegos\">\n\t\t\t\t<a class=\"elementor-post__thumbnail__link\" href=\"https:\/\/tecnodigitalymas.com\/index.php\/2024\/05\/06\/como-hacer-un-plano-de-una-casa-con-una-persona-discapacitada\/\" >\n\t\t\t<div class=\"elementor-post__thumbnail\"><img loading=\"lazy\" decoding=\"async\" width=\"300\" height=\"180\" src=\"https:\/\/tecnodigitalymas.com\/wp-content\/uploads\/2024\/05\/living-room-1835923_1280-2-300x180.jpg\" class=\"attachment-medium size-medium wp-image-608\" alt=\"\" srcset=\"https:\/\/tecnodigitalymas.com\/wp-content\/uploads\/2024\/05\/living-room-1835923_1280-2-300x180.jpg 300w, https:\/\/tecnodigitalymas.com\/wp-content\/uploads\/2024\/05\/living-room-1835923_1280-2-1024x614.jpg 1024w, https:\/\/tecnodigitalymas.com\/wp-content\/uploads\/2024\/05\/living-room-1835923_1280-2-768x461.jpg 768w, https:\/\/tecnodigitalymas.com\/wp-content\/uploads\/2024\/05\/living-room-1835923_1280-2.jpg 1280w\" sizes=\"(max-width: 300px) 100vw, 300px\" \/><\/div>\n\t\t<\/a>\n\t\t\t\t<div class=\"elementor-post__text\">\n\t\t\t\t<h3 class=\"elementor-post__title\">\n\t\t\t<a href=\"https:\/\/tecnodigitalymas.com\/index.php\/2024\/05\/06\/como-hacer-un-plano-de-una-casa-con-una-persona-discapacitada\/\" >\n\t\t\t\tComo hacer un plano de una casa con una persona discapacitada\t\t\t<\/a>\n\t\t<\/h3>\n\t\t\t\t<div class=\"elementor-post__meta-data\">\n\t\t\t\t\t<span class=\"elementor-post-date\">\n\t\t\t6 de May de 2024\t\t<\/span>\n\t\t\t\t<span class=\"elementor-post-avatar\">\n\t\t\tNo Comments\t\t<\/span>\n\t\t\t\t<\/div>\n\t\t\t\t<div class=\"elementor-post__excerpt\">\n\t\t\t<p>Dise\u00f1ar un plano de una casa para una persona discapacitada requiere consideraciones<\/p>\n\t\t<\/div>\n\t\t\n\t\t<a class=\"elementor-post__read-more\" href=\"https:\/\/tecnodigitalymas.com\/index.php\/2024\/05\/06\/como-hacer-un-plano-de-una-casa-con-una-persona-discapacitada\/\" aria-label=\"Read more about Como hacer un plano de una casa con una persona discapacitada\" >\n\t\t\tRead More \u00bb\t\t<\/a>\n\n\t\t\t\t<\/div>\n\t\t\t\t<\/article>\n\t\t\t\t<\/div>\n\t\t\n\t\t\t\t<\/div>\n\t\t\t\t<\/div>\n\t\t\t\t\t<\/div>\n\t\t<\/div>\n\t\t\t\t\t\t\t<\/div>\n\t\t<\/section>\n\t\t\t\t\t\t\t<\/div>\n\t\t","protected":false},"excerpt":{"rendered":"","protected":false},"author":1,"featured_media":0,"parent":0,"menu_order":0,"comment_status":"closed","ping_status":"closed","template":"","meta":{"_mi_skip_tracking":false,"_monsterinsights_sitenote_active":false,"_monsterinsights_sitenote_note":"","_monsterinsights_sitenote_category":0,"footnotes":""},"aioseo_notices":[],"_links":{"self":[{"href":"https:\/\/tecnodigitalymas.com\/index.php\/wp-json\/wp\/v2\/pages\/242"}],"collection":[{"href":"https:\/\/tecnodigitalymas.com\/index.php\/wp-json\/wp\/v2\/pages"}],"about":[{"href":"https:\/\/tecnodigitalymas.com\/index.php\/wp-json\/wp\/v2\/types\/page"}],"author":[{"embeddable":true,"href":"https:\/\/tecnodigitalymas.com\/index.php\/wp-json\/wp\/v2\/users\/1"}],"replies":[{"embeddable":true,"href":"https:\/\/tecnodigitalymas.com\/index.php\/wp-json\/wp\/v2\/comments?post=242"}],"version-history":[{"count":7,"href":"https:\/\/tecnodigitalymas.com\/index.php\/wp-json\/wp\/v2\/pages\/242\/revisions"}],"predecessor-version":[{"id":339,"href":"https:\/\/tecnodigitalymas.com\/index.php\/wp-json\/wp\/v2\/pages\/242\/revisions\/339"}],"wp:attachment":[{"href":"https:\/\/tecnodigitalymas.com\/index.php\/wp-json\/wp\/v2\/media?parent=242"}],"curies":[{"name":"wp","href":"https:\/\/api.w.org\/{rel}","templated":true}]}}