{"id":185,"date":"2022-01-27T15:44:48","date_gmt":"2022-01-27T15:44:48","guid":{"rendered":"http:\/\/tecnodigitalymas.com\/?page_id=185"},"modified":"2023-03-15T12:24:03","modified_gmt":"2023-03-15T12:24:03","slug":"acerca-de-2","status":"publish","type":"page","link":"https:\/\/tecnodigitalymas.com\/index.php\/acerca-de-2\/","title":{"rendered":"Acerca de"},"content":{"rendered":"<p>\u00a1Bienvenidos a Tecnolog\u00eda Digital y M\u00e1s!<\/p>\n<p>Somos una web dedicada a proporcionar informaci\u00f3n actualizada sobre tecnolog\u00eda, gadgets, dispositivos m\u00f3viles, software y mucho m\u00e1s. Nuestro equipo de expertos en tecnolog\u00eda est\u00e1 siempre en busca de las \u00faltimas novedades y tendencias para mantener a nuestros lectores informados y actualizados sobre todo lo relacionado con la tecnolog\u00eda.<\/p>\n<p>En Tecnolog\u00eda Digital y M\u00e1s, creemos que la tecnolog\u00eda es una herramienta poderosa que puede transformar y mejorar nuestras vidas. Ya sea en el trabajo, en casa o en el ocio, la tecnolog\u00eda nos brinda infinitas posibilidades para hacer las cosas de manera m\u00e1s eficiente, divertida y segura.<\/p>\n<p>Nos enorgullece ser una fuente confiable de informaci\u00f3n para nuestros lectores. Todos nuestros art\u00edculos son escritos por expertos en tecnolog\u00eda que se aseguran de investigar y revisar a fondo cada producto o servicio antes de recomendarlo. Adem\u00e1s, nuestra comunidad de lectores es muy importante para nosotros. Siempre estamos abiertos a recibir comentarios, sugerencias y opiniones para mejorar nuestra web y brindar el mejor servicio posible.<\/p>\n<p>\u00a1Gracias por visitarnos! Esperamos que disfrutes de nuestro contenido y te mantengas al d\u00eda con las \u00faltimas noticias y tendencias en tecnolog\u00eda.<\/p>\n","protected":false},"excerpt":{"rendered":"<p>\u00a1Bienvenidos a Tecnolog\u00eda Digital y M\u00e1s! Somos una web dedicada a proporcionar <a class=\"entry-read-more\" href=\"https:\/\/tecnodigitalymas.com\/index.php\/acerca-de-2\/\">Read more<\/a><\/p>\n","protected":false},"author":1,"featured_media":0,"parent":0,"menu_order":0,"comment_status":"closed","ping_status":"closed","template":"","meta":{"_mi_skip_tracking":false,"_monsterinsights_sitenote_active":false,"_monsterinsights_sitenote_note":"","_monsterinsights_sitenote_category":0,"footnotes":""},"aioseo_notices":[],"_links":{"self":[{"href":"https:\/\/tecnodigitalymas.com\/index.php\/wp-json\/wp\/v2\/pages\/185"}],"collection":[{"href":"https:\/\/tecnodigitalymas.com\/index.php\/wp-json\/wp\/v2\/pages"}],"about":[{"href":"https:\/\/tecnodigitalymas.com\/index.php\/wp-json\/wp\/v2\/types\/page"}],"author":[{"embeddable":true,"href":"https:\/\/tecnodigitalymas.com\/index.php\/wp-json\/wp\/v2\/users\/1"}],"replies":[{"embeddable":true,"href":"https:\/\/tecnodigitalymas.com\/index.php\/wp-json\/wp\/v2\/comments?post=185"}],"version-history":[{"count":4,"href":"https:\/\/tecnodigitalymas.com\/index.php\/wp-json\/wp\/v2\/pages\/185\/revisions"}],"predecessor-version":[{"id":353,"href":"https:\/\/tecnodigitalymas.com\/index.php\/wp-json\/wp\/v2\/pages\/185\/revisions\/353"}],"wp:attachment":[{"href":"https:\/\/tecnodigitalymas.com\/index.php\/wp-json\/wp\/v2\/media?parent=185"}],"curies":[{"name":"wp","href":"https:\/\/api.w.org\/{rel}","templated":true}]}}